 -3*k - 7. Let j be c(1). Let q = l + j. What are the prime factors of q?
5
Let a = -142 + 260. What are the prime factors of a?
2, 59
Let o(v) be the third derivative of -v**5/60 - v**4/24 + 4*v**3 - 3*v**2. Let n(w) = -w**3 - w**2 + w. Let g be n(0). What are the prime factors of o(g)?
2, 3
Let i(y) = -6*y**2 + 3*y - 3. Let a be i(1). List the prime factors of (a/(144/1384))/(2/(-6)).
173
Let l(k) = k**2 + 19*k + 19. Let r be l(-20). Let t be (20 + -2)*(-4)/6. Let w = t + r. What are the prime factors of w?
3
Let l = -401 - -630. Suppose 365 = 5*a + n, l = 5*a + 2*n - 136. List the prime factors of a.
73
Suppose 12 = -2*c + 2, -3*q + 5*c + 34 = 0. Suppose -j = 3*d - 43, -q*j + 0*j - 2*d + 143 = 0. What are the prime factors of j?
7
Suppose 5*s - 4*s = 0. Suppose 4*y - 2 - 14 = s. Suppose 4*w - y*b = 212, 4*w + 4*b = 7*w - 161. List the prime factors of w.
3, 17
Let n be 110/6 + 4/6. Suppose -8 = -2*z, -2*a - z + n = -5. Suppose -i = 4*i - a. What are the prime factors of i?
2
Let u = 146 + 32. List the prime factors of u.
2, 89
Let a(r) = r - 9. Let b be a(14). Suppose x = 4*m + 2*x - 167, -195 = -b*m - 4*x. What are the prime factors of m?
43
Let n(h) = h**2 - 2 - 4*h - 3 + 3*h**2 + 0*h**2. Let w be n(-4). Suppose -w + 6 = -3*r. What are the prime factors of r?
23
Let y(m) = m**3 - 3*m**2 + 3. Let p be y(3). Let b = p + 8. What are the prime factors of b?
11
Suppose 3*d + 2119 = -4*j, -3*d - 1593 = -j + 4*j. What are the prime factors of j*(-4)/8 + 0?
263
Let w = 510 - 302. Suppose -d - 5*u - w = -5*d, -3*d + 137 = u. What are the prime factors of d?
47
Let y(n) = n**3 - 6*n**2 + n + 4. Let z be y(6). Suppose z*h - 14*h = -956. What are the prime factors of h?
239
Suppose 2 - 17 = 5*n. What are the prime factors of n/(-15) - 848/(-10)?
5, 17
Suppose 5*o = -2*l + 1122 + 1499, 2*o - 2*l - 1040 = 0. List the prime factors of o.
523
Suppose 0 = c + 12*g - 16*g - 1063, -5298 = -5*c + 3*g. List the prime factors of c.
3, 353
Let t(j) = 12*j + 5. Let v(w) = 18*w + 8. Let f(b) = 7*t(b) - 5*v(b). Let o = 13 + -17. What are the prime factors of f(o)?
19
Let l(s) = 840*s - 31. What are the prime factors of l(1)?
809
Let t be (24/(-15))/(5/(-25)). Let s be t/24*1*12. Suppose s*n = -n + 195. What are the prime factors of n?
3, 13
Let k = -1936 + 6831. What are the prime factors of k?
5, 11, 89
Let o = -395 + 838. List the prime factors of o.
443
Let w be 3/(-15)*10/6*0. Suppose w = -8*t + 3*t + 385. List the prime factors of t.
7, 11
Let u(b) = b**2 - 5*b - 6. Let h be (-2)/(0 - -2)*-18. Let i = -10 + h. What are the prime factors of u(i)?
2, 3
Suppose -k - 5*u - 4 = 6, 3*k + 3*u = -6. Suppose k = 8*f + f - 1161. What are the prime factors of f?
3, 43
Let u be 4/(-10) - (-22)/55. Suppose 0*n - 4*n - 16 = u. Let q = 10 - n. What are the prime factors of q?
2, 7
Let w(g) be the third derivative of -g**6/120 + g**5/60 - 10*g**3/3 - 8*g**2. Let x be w(0). What are the prime factors of -8*(-5)/(x/(-7))?
2, 7
Suppose 4*o - 84 = 6*r - 2*r, -r + 63 = 3*o. Suppose 3*l - 51 = -o. What are the prime factors of l?
2, 5
Let u(q) = -18*q**3 - 6*q**2 + 3*q + 6. What are the prime factors of u(-4)?
2, 3, 5, 7
Suppose 0 = -8*d + 20*d - 35892. List the prime factors of d.
3, 997
Let z be 4/(-10) + (-69)/15. Let p(t) = 4*t**2 + 12*t + 4. What are the prime factors of p(z)?
2, 11
Let f = -7 - -33. Let i = -40 + f. Let m(v) = v**2 + 9*v - 18. List the prime factors of m(i).
2, 13
Suppose -3*j + 0*j = 45. Let t be (5/j)/((-1)/6). Suppose t*i = 26 - 8. List the prime factors of i.
3
Let o(l) = -10 + 1 + 4*l - 5. Let j be o(6). Let t(r) = -r**2 + 17*r - 13. List the prime factors of t(j).
3, 19
Let l(c) = c**3 - 11*c**2 - 6*c + 2. List the prime factors of l(14).
2, 11, 23
Suppose -4*y + 346 = -26. Let v = -148 + y. Let x = v - -82. List the prime factors of x.
3
Suppose k + 2*d = 9, -3*k + d = -4 - 2. Suppose -2*g - k = -387. What are the prime factors of g?
2, 3
Suppose 80 = 3*t + 14. Let h = 430 - 443. Let g = h + t. List the prime factors of g.
3
Let g be (3 - 22/4)/(1/(-2)). Suppose -g*w + 4*i = -88, 19 + 11 = 2*w + i. What are the prime factors of w?
2
Suppose 4*r - 20 = -2*m, m = -4*r - 1 + 21. Suppose -4*v = -m*v - 472. Suppose -v = -3*o + o. What are the prime factors of o?
59
Let h(r) = 45*r - 2. Suppose 6*l = 10*l - 16. Let v be h(l). Suppose -3*t = -4*s + 65 + 99, -5*s - 3*t = -v. List the prime factors of s.
2, 19
What are the prime factors of (5 - -252)*1/1?
257
Let r(q) = 3*q**2 + 74*q - 28. List the prime factors of r(-29).
349
List the prime factors of 2229/12 + 2/8.
2, 3, 31
Let c = 24 + -15. Let z = c - -17. List the prime factors of z.
2, 13
Suppose 0*l + 8 = 2*l. Suppose 68 = l*q - 4*z, -4*q + 0*z = 2*z - 56. List the prime factors of q.
3, 5
Suppose 3*m = 2*a - 7*a + 8623, 0 = 5*a + 2*m - 8622. List the prime factors of a.
2, 431
List the prime factors of (3919/(-4))/(4 + (-357)/84).
3919
Let j(w) = -w + 21. Let y(i) = 2*i - 42. Let c(l) = -11*j(l) - 6*y(l). What are the prime factors of c(9)?
2, 3
Let b be (-128)/(-24) + (-2)/6. Suppose 10 + 0 = -b*x. What are the prime factors of -4*x*(-75)/(-24)?
5
Let r be ((-4)/10)/(36/(-450)). Let w be (-2)/(-2)*(-4)/(-2). Suppose -15 - 8 = -4*y - r*s, -w*y + s = -15. What are the prime factors of y?
7
Let t(j) be the first derivative of -j**3/3 + 3*j**2/2 - 3*j + 6. Let g be t(2). Let d(c) = -25*c. What are the prime factors of d(g)?
5
Let t(y) = y + 23. Let h be t(-7). Suppose -g - g = -h. List the prime factors of ((-52)/g + 3)*-2.
7
Let d = 33 + -29. What are the prime factors of d + (-48)/(-28) - 4/(-14)?
2, 3
Let r be (1 - -569)*8/12. Suppose 291 = 2*l + l + 3*h, -4*l - 2*h + r = 0. List the prime factors of l.
3, 31
Suppose b - 6*o - 627 = -7*o, -3*b + 1857 = -5*o. What are the prime factors of b?
2, 3, 13
Suppose -3*o = 3, 3*o = -3*i - i + 5. Suppose i*f - 2*b = 142, 3*f - 2*b = 4*f - 65. List the prime factors of f.
3, 23
Suppose -z = 4*b - 7013, 3*z + 430 = -2*b + 3939. List the prime factors of b.
1753
Let l(u) = -2*u - 22. Let h be l(-10). List the prime factors of 75 + 1 - (h + 6).
2, 3
Suppose 0 = -898*w + 894*w + 116. What are the prime factors of w?
29
Suppose -13*c + 8*c + 60 = -4*b, -3*b - 3*c = 18. Let i(k) be the second derivative of -k**4/12 - 5*k**3/2 + 5*k**2/2 + k. List the prime factors of i(b).
5, 11
Suppose 4 = 2*s - 4. Let y be (-118)/(-8) - (-1)/s. Let i = 25 - y. What are the prime factors of i?
2, 5
Let g = 62 - 43. Let m = 300 - 154. Suppose 0 = -5*b + g + m. What are the prime factors of b?
3, 11
Suppose 0 = -8*v + 2583 - 711. List the prime factors of v.
2, 3, 13
List the prime factors of ((-8040)/(-32))/((-4)/(-16)).
3, 5, 67
Let v = 834 + -226. List the prime factors of v.
2, 19
Let v(w) = -2*w**3 - 92*w**2 - 30*w - 68. What are the prime factors of v(-46)?
2, 41
Let c = -329 - -383. List the prime factors of c.
2, 3
Let h = 134 + 327. What are the prime factors of h?
461
Let x(d) be the first derivative of d**6/120 - d**5/10 + 5*d**3/6 - 3*d**2 + 2. Let c(j) be the second derivative of x(j). What are the prime factors of c(6)?
5
Suppose y - 802 = 94. What are the prime factors of y?
2, 7
Let t = 21 - 17. Suppose 4*f + 7 = -n, 0 = 5*n + t*f - 8*f + 83. Let p(o) = -o + 18. What are the prime factors of p(n)?
3, 11
Suppose 271 + 872 = -9*n. Let r = n - -136. List the prime factors of r.
3
Let t = -293 - -139. Let l = 331 + t. What are the prime factors of l?
3, 59
Let i(m) = 2*m**2 + 5*m + 5. Let n be i(-2). Suppose 5*y + 5 - 14 = 2*t, y + n*t - 12 = 0. What are the prime factors of y/(-12) - (-555)/12?
2, 23
Let h(o) be the second derivative of -o**5/10 - o**4/12 - o**2/2 + 2*o. Let k be h(3). Let t = k + 105. What are the prime factors of t?
41
Let b be 24/4*1 + -4. What are the prime factors of (-61)/(-2) + 3/b?
2
Let d(s) = 9*s + 24. Let a be d(-6). List the prime factors of 982/8 - a/(-40).
2, 61
Let b = -34 - -33. Let s(u) = 36*u**2 + u. What are the prime factors of s(b)?
5, 7
Let t = -4941 + 7836. Let j be -4 + (t - (-4 - -6)). List the prime factors of (-1)/(-7) + j/63.
2, 23
Suppose -i + 5*i = 16. Suppose -x + i*x - 12 = 0. List the prime factors of (-9)/6*x/(-3).
2
Let w = -3377 - -5611. List the prime factors of w.
2, 1117
Let o = -10 - -10. Suppose 5*v - m + 39 = 2